st common factor of 144419 and 146452?
19
Calculate the highest common factor of 4365 and 18204960.
1455
What is the highest common factor of 167992 and 114706?
166
What is the highest common factor of 22649564 and 147?
49
Calculate the greatest common factor of 17365697 and 6283.
103
Calculate the greatest common factor of 64896 and 74964864.
4992
Calculate the highest common factor of 28 and 2491867.
7
What is the greatest common factor of 6826923 and 567?
81
Calculate the highest common divisor of 124 and 23414548.
124
What is the greatest common divisor of 6 and 139715502?
6
What is the greatest common factor of 27919900 and 2416?
604
Calculate the highest common factor of 449327169 and 54.
27
What is the highest common divisor of 238133177 and 421?
421
Calculate the greatest common divisor of 4480 and 284003440.
560
What is the greatest common factor of 96439 and 12855139?
599
Calculate the greatest common divisor of 56916 and 42162108.
6324
What is the greatest common divisor of 12960 and 32802400?
160
Calculate the highest common factor of 9584 and 40198890.
1198
What is the greatest common divisor of 1 and 1307951?
1
What is the highest common divisor of 1625 and 35789?
13
What is the greatest common factor of 100 and 316727600?
100
What is the highest common factor of 233574 and 22374?
66
What is the highest common divisor of 247875 and 2263500?
375
Calculate the greatest common divisor of 295 and 4504119.
59
What is the highest common divisor of 2299185 and 2268?
567
What is the greatest common factor of 4293632 and 211456?
3584
What is the highest common factor of 154 and 103908497?
77
What is the highest common factor of 842284084 and 4404?
1468
What is the highest common divisor of 1368792 and 621?
27
What is the highest common divisor of 1848 and 5531196?
132
What is the highest common divisor of 163810 and 1685?
5
What is the greatest common factor of 9305616 and 45264?
1104
Calculate the greatest common factor of 424869847 and 67.
67
What is the highest common divisor of 1857 and 160415088?
1857
What is the greatest common divisor of 1347240 and 44145?
1635
What is the greatest common divisor of 189 and 18946263?
21
Calculate the highest common divisor of 153966 and 250982.
134
Calculate the highest common divisor of 2086427 and 34.
17
What is the greatest common divisor of 1530740 and 180?
20
Calculate the highest common factor of 831002 and 16724.
226
What is the greatest common divisor of 212425 and 39600?
25
Calculate the greatest common divisor of 744 and 2010430.
2
Calculate the highest common divisor of 78088 and 444012.
908
What is the highest common divisor of 27846960 and 1160?
1160
What is the greatest common divisor of 10625 and 1870625?
625
What is the highest common factor of 669 and 403472116?
223
What is the greatest common divisor of 9765894 and 6?
6
What is the highest common divisor of 379220 and 898805?
335
Calculate the greatest common factor of 540132 and 786.
6
Calculate the highest common factor of 85560478 and 2307.
769
What is the highest common factor of 519039 and 138182?
571
Calculate the greatest common factor of 3590052 and 4548.
12
Calculate the highest common divisor of 456 and 81400392.
24
Calculate the greatest common factor of 27074798 and 526.
526
Calculate the greatest common factor of 103668308 and 28.
4
Calculate the highest common divisor of 36879273 and 918.
459
Calculate the highest common factor of 100 and 1252915.
5
Calculate the highest common factor of 33725544 and 828.
276
What is the highest common divisor of 6128 and 4671451?
383
What is the greatest common factor of 51620 and 15020?
20
Calculate the highest common divisor of 75005787 and 114.
57
What is the greatest common factor of 14749166 and 17?
17
Calculate the highest common factor of 82101134 and 67734.
7526
Calculate the greatest common divisor of 2444 and 38701351.
611
Calculate the greatest common divisor of 1078 and 2620178.
22
Calculate the highest common divisor of 37338 and 2186686.
254
What is the greatest common divisor of 12700750 and 2020?
1010
What is the highest common divisor of 42 and 140245668?
6
Calculate the greatest common divisor of 50145 and 11865.
15
Calculate the greatest common factor of 35 and 7680603.
7
Calculate the greatest common factor of 8184 and 6336648.
744
Calculate the greatest common divisor of 2201136 and 9072.
336
Calculate the highest common factor of 14037996 and 714.
42
What is the greatest common divisor of 7938 and 7730856?
378
Calculate the greatest common factor of 17172619 and 764.
191
Calculate the highest common factor of 2066849 and 9848.
1231
Calculate the highest common factor of 6013892610 and 66.
66
Calculate the highest common factor of 658 and 57127.
7
Calculate the greatest common factor of 66394134 and 72.
18
What is the highest common factor of 13344870 and 109445?
1855
Calculate the greatest common divisor of 58742 and 5074798.
2554
What is the greatest common factor of 12449160 and 7020?
540
Calculate the highest common factor of 13928135 and 1352.
169
What is the highest common divisor of 9636 and 854976?
876
What is the highest common divisor of 891 and 1990197?
297
What is the greatest common factor of 1166 and 853295707?
583
Calculate the greatest common factor of 1480 and 36398.
2
Calculate the highest common factor of 2016 and 9354912.
672
Calculate the greatest common factor of 126933 and 42.
3
What is the greatest common factor of 3710 and 14290?
10
Calculate the highest common factor of 139 and 637480549.
139
Calculate the highest common divisor of 90012 and 17628.
156
Calculate the highest common factor of 1425 and 37675.
25
Calculate the greatest common factor of 27354 and 418070.
194
What is the highest common factor of 397768 and 1904?
56
Calculate the greatest common divisor of 4 and 868799.
1
Calculate the highest common divisor of 1055654664 and 12.
12
Calculate the greatest common factor of 162141 and 3822.
147
Calculate the highest common divisor of 816 and 6237096.
408
Calculate the greatest common divisor of 268026 and 227940.
786
Calculate the highest common divisor of 39340425 and 6100.
1525
Calculate the greatest common divisor of 8304 and 7296448.
2768
What is the highest common factor of 26515 and 21784724?
5303
What is the highest common divisor of 1953226 and 8448?
22
Calculate the greatest common factor of 19234 and 129422.
326
Calculate the highest common divisor of 106512 and 33872.
16
Calculate the greatest common divisor of 700 and 22766555.
35
What is the greatest common factor of 26 and 63472?
2
What is the highest common factor of 184 and 36195744?
184
Calculate the greatest common factor of 1015286778 and 3201.
3201
Calculate the highest common divisor of 54 and 12091383.
27
What is the highest common factor of 940 and 114220716?
188
What is the greatest common factor of 40737316 and 100?
4
Calculate the greatest common divisor of 1918250 and 6250.
250
What is the highest common divisor of 8820 and 796698?
126
Calculate the highest common factor of 27343 and 98309.
37
What is the highest common factor of 4550335 and 175195?
4735
What is the greatest common factor of 94 and 56952767?
47
Calculate the greatest common divisor of 1716 and 121740.
12
What is the greatest common factor of 214800 and 162536475?
13425
What is the highest common factor of 1714 and 671331807?
857
What is the highest common divisor of 25143124 and 2060?
412
What is the highest common divisor of 44 and 1280855642?
22
What is the highest common divisor of 3675 and 8980083?
147
Calculate the greatest common divisor of 1037210 and 3710.
530
What is the highest common factor of 11458508 and 109917?
1357
Calculate the greatest common divisor of 318 and 4976011.
53
Calculate the highest common factor of 25192648 and 3712.
232
Calculate the greatest common divisor of 32590920 and 620.
620
What is the greatest common factor of 400535674 and 2618?
2618
What is the greatest common factor of 9477 and 3968757?
1053
What is the greatest common divisor of 9017455 and 790?
395
Calculate the highest common factor of 82 and 5670177.
41
Calculate the greatest common divisor of 598 and 526127576.
598
What is the highest common factor of 18433250 and 990?
110
Calculate 